the highest common divisor of a and 712.
8
Let d be 86/18 + 1*(-2)/(-9). Suppose 0 = -h - 4*h - 5*l - 10, d*h + 2*l = 2. Suppose 0 = -6*s + h*s + 12. Calculate the greatest common divisor of s and 27.
3
Let k(l) = -24*l - 524. Let m be k(-22). Calculate the greatest common divisor of m and 1636.
4
Let o(m) = m**3 - m + 29. Let b be o(0). Let j be (-14 + (-5285)/14)*2*(7 + -8). Calculate the highest common divisor of j and b.
29
Let f = 284 + 158. Suppose 0 = -16*g + 50*g - f. Suppose 2*l - 131 - 51 = 0. Calculate the highest common divisor of g and l.
13
Suppose -775 = 5*f - 2*n, 26*f - 27*f = 4*n + 133. Let r = f - -174. Let z be 1/2*(-2 - -212). Calculate the highest common factor of r and z.
21
Suppose -4*a - 10 = 2*i, 0*a = -2*i + 4*a - 2. Let o(j) = -21*j - 64*j + 7 - j - 1. Let x be o(i). Calculate the greatest common divisor of 33 and x.
33
Let s be -31 + 30 + 735/3 + -1. Calculate the highest common factor of 4 and s.
1
Suppose 114 - 140 = 13*t. Let v be ((-14)/3)/(t*(-8)/(-144)). Calculate the highest common factor of 28 and v.
14
Suppose 3*s + d = -d - 218, -s - 5*d = 90. Let l = 51 + s. Let w = 38 - l. Calculate the highest common factor of 38 and w.
19
Let t = 4 - 1. Let n be (4524/(-9))/(-4) + 1/t. Let v = -59 + 73. Calculate the greatest common divisor of n and v.
14
Suppose -5*k = 284*m - 286*m + 1980, 0 = -4*m - k + 3960. What is the highest common factor of m and 18?
18
Let t be 180/(-27)*(-72)/40. What is the greatest common divisor of t and 291?
3
Suppose -2*u + 7906 = 10*q - 5*q, -4*u = -5*q + 7888. Calculate the highest common divisor of 40 and q.
20
Let p(s) = 40*s + 4. Let q(j) = 79*j + 9. Let g(z) = 7*p(z) - 3*q(z). Let b be g(1). Suppose -3*o = 3 - 69. Calculate the greatest common factor of b and o.
22
Let j = -696 + 698. Let d(t) = 11*t**2 - 2*t + 1. Let u be d(j). What is the greatest common factor of u and 369?
41
Suppose -5*q + 1982 = 3*i, 5*q - 632 = -2*i + 1346. Suppose -q*j = -393*j - 180. What is the highest common factor of 30 and j?
30
Let h(p) = -130 + 35*p - 26*p + 21 + 11*p. Let v be h(8). What is the highest common factor of 68 and v?
17
Let i(d) = 62*d + 5088. Let u be i(-81). Calculate the highest common divisor of u and 7953.
33
Let h = 489 - 1391. Let g = -468 - h. Calculate the highest common divisor of g and 14.
14
Let m(c) = -4*c + 96. Let o be m(21). What is the highest common factor of 92 and o?
4
Let n(q) = -q**2 + 4*q + 2. Let o be n(0). Let j be (-17)/o*(2 - 6). What is the greatest common factor of j and 51?
17
Suppose 0 = -2*i + 95*n - 93*n + 1640, -4*i + 3*n + 3280 = 0. What is the highest common divisor of 779 and i?
41
Let a(w) = 6*w**3 + 2*w**2 - w - 1. Let q be a(1). Suppose 11 + 493 = q*k. What is the greatest common factor of 140 and k?
28
Suppose 0 = -4*b - b - 15. Let o(v) be the first derivative of -3*v**4/4 - 5*v**3/3 + 40. Let g be o(b). What is the highest common divisor of 4 and g?
4
Let u be ((-80)/(-3) + 0)*(-108)/1152*-16. Calculate the highest common factor of u and 810.
10
Let s = 230 - 231. Let l(k) = -255*k**3 - k**2 - 4*k - 3. Let p be l(s). Calculate the greatest common factor of 51 and p.
51
Let m = 258 + -547. Let l = m + 348. What is the highest common factor of 649 and l?
59
Let v be 2365/495 - 4/(-18). Let a be ((-84)/(-10))/(v/50). Calculate the greatest common divisor of a and 63.
21
Let o(k) = k**3 - 8*k**2 - 130*k + 1328. Let n be o(12). Suppose 0 = -l + 4*t - 4, -6 = -5*t + 3*t. Calculate the highest common divisor of n and l.
8
Let h be 4*1*396/(-16). Let w = h - -161. What is the highest common divisor of w and 155?
31
Let i be (-1155)/(-63)*6/1. Suppose 0 = 5*g + 5*c - 400, 3*g - 2*c - 71 = 2*g. Suppose 253 = 4*r + g. Calculate the greatest common factor of r and i.
22
Suppose j - 1925 = u - 236, 5*j - u - 8453 = 0. What is the greatest common factor of j and 247?
19
Suppose x - 6645 = -5*u, -95*x + 92*x - 2675 = -2*u. Calculate the highest common factor of 285 and u.
95
Let q(p) be the second derivative of p**5/5 - p**4/6 - p**3/2 - 3*p**2/2 - 4*p. Let v be q(3). Let i = 46 + -20. What is the greatest common factor of i and v?
26
Let c be (8 - 5) + 9 - (-8 - -2). What is the greatest common factor of 5202 and c?
18
Let g = -304 + 307. Let i be g + 141 - (-6 + -2). Calculate the greatest common divisor of i and 190.
38
Suppose r - 61 = 2*d, 2*d - 3*r = d - 38. Let a = 13 - d. Let x = a - 30. Calculate the greatest common factor of 96 and x.
12
Suppose -4*l + 111 = 503. Let a = l + 100. Suppose -197 = -a*y - 5*w, 0*w = -y - 2*w + 98. Calculate the highest common divisor of 12 and y.
12
Let d = 16630 - 15466. Let w(q) = 3*q - 12. Let p be w(8). Calculate the greatest common factor of d and p.
12
Let c be (26/1)/(-3*2/(-12)). Let t = -49 + c. Suppose -309 = -t*v - 39. Calculate the greatest common factor of 30 and v.
30
Let s be (12/(-54))/(1/(-9)). Let l be (-9 + 9)/(s + -4 + 1). Let u be ((l + -2)*21)/(-2). What is the greatest common factor of u and 63?
21
Let n(h) = -h**3 - 36*h**2 - 50*h - 41. Suppose 12*f + 180 = -240. Let z be n(f). Let p be 11/((-3)/(1 - 13)). Calculate the greatest common divisor of p and z.
44
Suppose -4*x = 0, 2*x = -5*n + 738 + 592. What is the highest common factor of n and 665?
133
Suppose 8*i - 680 - 792 = 0. Let a(b) = -b**2 + 14*b + 10. Let t be a(13). Calculate the highest common factor of i and t.
23
Suppose 5*r + 2*m + 2182 = 3*m, -2*r - m = 877. Let c = r + 450. Calculate the greatest common factor of c and 91.
13
Suppose -2*t - 483 = -d, -d - 3*t + 311 = -197. What is the greatest common divisor of d and 319?
29
Let h(d) = 3*d + 0*d + d - 5. Let u be h(8). Let p(t) = -t**2 + 28*t + 131. Let b be p(-4). Calculate the greatest common factor of u and b.
3
Suppose -4*b + 3*d - 26787 = 0, b - 2454 = -5*d - 9168. Let t be (-8)/14 + b/(-147). What is the highest common factor of 15 and t?
15
Suppose q = -q + 3*y + 21, 5*q - y - 20 = 0. Let i(h) = 7*h + 8 - q*h + 2*h - 4*h. Let f be i(5). What is the greatest common factor of 198 and f?
18
Suppose -4*s + 5*u + 50 = -3*s, u = 5*s - 370. Suppose -12*z - 32*z + 1350 = z. Calculate the greatest common factor of s and z.
15
Let m(r) = r**3 - r**2 - r + 6. Let l be m(0). Let w(f) = -6*f - 24. Let c be w(-5). Suppose -12*o + 13*o = c. What is the greatest common divisor of l and o?
6
Suppose 8*d - 4*d = 336. Let q(k) = -4*k**2 - 96*k - 308. Let x be q(-17). Calculate the highest common factor of x and d.
84
Let s(g) = g**3 + 9*g**2 + g + 9. Let p be s(-9). Let t be (-121)/(-2 + (p - -1)). Let u = -14 - -25. What is the highest common divisor of t and u?
11
Let q = -6695 - -6783. What is the greatest common factor of q and 220?
44
Suppose -95 = -8*p - 5*p + 9. Calculate the highest common factor of 1404 and p.
4
Let s be (10 - (-315)/(-28))*-140. Suppose 5*p + 5*t = 479 + 246, -2*p = 5*t - 305. Calculate the highest common factor of s and p.
35
Let x be (21 + 8151/(-399))*((-55734)/(-4))/3. Calculate the highest common factor of x and 2.
2
Suppose -71 = -2*u + 27. Suppose -1376*j + 4882 = -149230. What is the highest common factor of j and u?
7
Suppose -s + 527 = 7*i, 4*s + 4*i + 461 = 5*s. Calculate the greatest common factor of 3007 and s.
97
Suppose 4 = s - 0. Let y(m) = m**3 + m**2. Let v be y(-1). Suppose v = s*z - 7*z + 120. What is the greatest common factor of 10 and z?
10
Let c = -1742 - -1750. Calculate the highest common factor of c and 1784.
8
Suppose 3*g + k = 35, 3*g - 5*k = 23 + 18. Let w = 8367 - 8193. Calculate the greatest common factor of w and g.
6
Let f be 3258688/1652 - 10/(-7). What is the greatest common divisor of f and 84?
42
Let l = 10750 - 10123. Calculate the greatest common divisor of 363 and l.
33
Let v(u) = u**2 + 7*u - 14. Let t be v(-10). Suppose t = 15*a - 11*a. Let r be ((-3)/5)/(a/(-60)). Calculate the greatest common factor of r and 72.
9
Let w(t) = -t**2 - 10*t + 74. Let s be w(-13). What is the highest common divisor of s and 55?
5
Let b(f) = 62*f**3 - 2*f**2 - f + 8. Let s be b(2). What is the highest common divisor of s and 1235?
247
Let q = -18982 + 19015. Suppose 4*j - 4*g - 12 = -2*g, 0 = j + 2*g + 2. Let s = 24 - j. Calculate the greatest common factor of q and s.
11
Suppose -5*x - 15 = o, 4*x = 3*o + 9*x + 15. Suppose -5*c - 3*b + 113